{"id":114,"date":"2012-10-01T21:06:24","date_gmt":"2012-10-01T20:06:24","guid":{"rendered":"http:\/\/under12oot.noblogs.org\/?page_id=114"},"modified":"2012-12-02T19:34:02","modified_gmt":"2012-12-02T18:34:02","slug":"contatti","status":"publish","type":"page","link":"https:\/\/under12oot.noblogs.org\/?page_id=114","title":{"rendered":"Contatti"},"content":{"rendered":"<p><em>Under_r00t<\/em> si ritrova ufficialmente tutti i<em> mercoled\u00ec sera dalle 21:00<\/em>, ma puoi trovare sempre qualcuno durante tutte la settimana tranne domenica e luned\u00ec, se sei interessato alle nostre attivit\u00e0, vuoi<em> informazioni-curiosare-smanettare-aiutare-giocarti il posto in paradiso<\/em> passa a trovarci! Oppure ci puoi contattare mandando una mail a:<\/p>\n<p><em> under_root (at) hacari (.) org<\/em><\/p>\n<p>qui trovi la chiave<a title=\"pgp key\" href=\"https:\/\/under12oot.noblogs.org\/files\/2012\/12\/under_root-under_root@hacari.org-0x09FF7E61-pub.asc\" target=\"_blank\"> PGP.<\/a>&#8230; usala per cortesia \ud83d\ude09<\/p>\n<p><em>oppure puoi iscriverti alla nostra <a title=\"ML\" href=\"https:\/\/www.autistici.org\/mailman\/listinfo\/hacklab_bg\" target=\"_blank\">ML <\/a><\/em><\/p>\n<p><em>Tieni! Ti regaliamo questi bellissimi wallpapers!!<\/em><\/p>\n<p><a href=\"https:\/\/under12oot.noblogs.org\/files\/2012\/10\/Wallpaper169.png\"><img loading=\"lazy\" decoding=\"async\" class=\"alignnone size-medium wp-image-116\" src=\"https:\/\/under12oot.noblogs.org\/files\/2012\/10\/Wallpaper169-300x168.png\" alt=\"\" width=\"300\" height=\"168\" srcset=\"https:\/\/under12oot.noblogs.org\/files\/2012\/10\/Wallpaper169-300x168.png 300w, https:\/\/under12oot.noblogs.org\/files\/2012\/10\/Wallpaper169-1024x576.png 1024w\" sizes=\"auto, (max-width: 300px) 100vw, 300px\" \/><\/a><\/p>\n<p><a href=\"https:\/\/under12oot.noblogs.org\/files\/2012\/10\/Wallpaper43.png\"><img loading=\"lazy\" decoding=\"async\" class=\"alignnone size-medium wp-image-115\" src=\"https:\/\/under12oot.noblogs.org\/files\/2012\/10\/Wallpaper43-300x225.png\" alt=\"\" width=\"300\" height=\"225\" srcset=\"https:\/\/under12oot.noblogs.org\/files\/2012\/10\/Wallpaper43-300x225.png 300w, https:\/\/under12oot.noblogs.org\/files\/2012\/10\/Wallpaper43-1024x768.png 1024w\" sizes=\"auto, (max-width: 300px) 100vw, 300px\" \/><\/a><\/p>\n","protected":false},"excerpt":{"rendered":"<p>Under_r00t si ritrova ufficialmente tutti i mercoled\u00ec sera dalle 21:00, ma puoi trovare sempre qualcuno durante tutte la settimana tranne domenica e luned\u00ec, se sei interessato alle nostre attivit\u00e0, vuoi informazioni-curiosare-smanettare-aiutare-giocarti il posto in paradiso passa a trovarci! Oppure ci puoi contattare mandando una mail a: under_root (at) hacari (.) org qui trovi la chiave [&hellip;]<\/p>\n","protected":false},"author":1255,"featured_media":0,"parent":0,"menu_order":0,"comment_status":"open","ping_status":"open","template":"","meta":{"footnotes":""},"class_list":["post-114","page","type-page","status-publish","hentry"],"_links":{"self":[{"href":"https:\/\/under12oot.noblogs.org\/index.php?rest_route=\/wp\/v2\/pages\/114","targetHints":{"allow":["GET"]}}],"collection":[{"href":"https:\/\/under12oot.noblogs.org\/index.php?rest_route=\/wp\/v2\/pages"}],"about":[{"href":"https:\/\/under12oot.noblogs.org\/index.php?rest_route=\/wp\/v2\/types\/page"}],"author":[{"embeddable":true,"href":"https:\/\/under12oot.noblogs.org\/index.php?rest_route=\/wp\/v2\/users\/1255"}],"replies":[{"embeddable":true,"href":"https:\/\/under12oot.noblogs.org\/index.php?rest_route=%2Fwp%2Fv2%2Fcomments&post=114"}],"version-history":[{"count":3,"href":"https:\/\/under12oot.noblogs.org\/index.php?rest_route=\/wp\/v2\/pages\/114\/revisions"}],"predecessor-version":[{"id":118,"href":"https:\/\/under12oot.noblogs.org\/index.php?rest_route=\/wp\/v2\/pages\/114\/revisions\/118"}],"wp:attachment":[{"href":"https:\/\/under12oot.noblogs.org\/index.php?rest_route=%2Fwp%2Fv2%2Fmedia&parent=114"}],"curies":[{"name":"wp","href":"https:\/\/api.w.org\/{rel}","templated":true}]}}